
False
Is 162 a factor of 6966?
True
Does 18 divide 1314?
True
Is 24 a factor of 2422?
False
Is 23 a factor of 782?
True
Is 22 a factor of 4906?
True
Does 10 divide 16448?
False
Is 620 a multiple of 20?
True
Is 17 a factor of 4471?
True
Is 1200 a multiple of 20?
True
Does 49 divide 75488?
False
Is 13 a factor of 61858?
False
Is 70 a factor of 6986?
False
Is 12858 a multiple of 12?
False
Does 38 divide 7780?
False
Is 248 a multiple of 76?
False
Is 89 a factor of 1174?
False
Is 41 a factor of 13161?
True
Does 38 divide 4094?
False
Is 69 a factor of 9567?
False
Is 52 a factor of 1203?
False
Is 13 a factor of 962?
True
Is 12 a factor of 320?
False
Does 8 divide 135?
False
Is 19 a factor of 26638?
True
Is 120 a factor of 2178?
False
Is 37296 a multiple of 16?
True
Is 41808 a multiple of 8?
True
Is 301 a multiple of 12?
False
Does 22 divide 40448?
False
Is 148 a multiple of 37?
True
Is 128 a factor of 21760?
True
Does 63 divide 1638?
True
Does 176 divide 44885?
False
Does 87 divide 17922?
True
Is 10 a factor of 12210?
True
Is 1920 a multiple of 11?
False
Is 24 a factor of 4700?
False
Does 12 divide 17628?
True
Is 990 a multiple of 17?
False
Is 6096 a multiple of 8?
True
Does 42 divide 686?
False
Is 43 a factor of 47042?
True
Does 35 divide 216?
False
Does 24 divide 218?
False
Does 6 divide 18?
True
Is 1389 a multiple of 20?
False
Is 69 a multiple of 3?
True
Does 9 divide 5468?
False
Is 1871 a multiple of 17?
False
Is 244 a factor of 56251?
False
Does 40 divide 68160?
True
Is 117 a multiple of 17?
False
Is 3 a factor of 1172?
False
Does 110 divide 74690?
True
Is 5524 a multiple of 34?
False
Is 2368 a multiple of 4?
True
Does 118 divide 6240?
False
Is 22 a factor of 1936?
True
Is 81 a factor of 3995?
False
Is 182 a multiple of 7?
True
Does 7 divide 2044?
True
Is 3321 a multiple of 79?
False
Is 156 a multiple of 78?
True
Is 13338 a multiple of 18?
True
Does 55 divide 1092?
False
Is 10425 a multiple of 4?
False
Is 105 a factor of 3801?
False
Is 12 a factor of 40173?
False
Is 1120 a multiple of 40?
True
Does 79 divide 19750?
True
Is 47 a factor of 235?
True
Is 137 a factor of 1536?
False
Does 3 divide 846?
True
Is 39 a factor of 1954?
False
Is 10958 a multiple of 50?
False
Is 5 a factor of 435?
True
Is 658 a multiple of 7?
True
Is 13 a factor of 24726?
True
Is 89 a factor of 7894?
False
Does 17 divide 1275?
True
Is 15 a factor of 3231?
False
Is 14 a factor of 882?
True
Does 19 divide 3400?
False
Does 15 divide 148?
False
Does 10 divide 20410?
True
Does 24 divide 8311?
False
Is 2256 a multiple of 48?
True
Does 33 divide 28248?
True
Does 3 divide 204?
True
Does 75 divide 43350?
True
Is 18 a factor of 360?
True
Is 8332 a multiple of 112?
False
Is 16950 a multiple of 62?
False
Is 54 a factor of 3785?
False
Is 123 a factor of 39852?
True
Is 9 a factor of 2043?
True
Is 8 a factor of 1861?
False
Is 7 a factor of 1212?
False
Is 143 a multiple of 2?
False
Is 12 a factor of 259?
False
Does 65 divide 455?
True
Is 12568 a multiple of 8?
True
Is 102 a factor of 2754?
True
Is 38 a factor of 2090?
True
Does 7 divide 288?
False
Does 4 divide 1978?
False
Does 60 divide 12244?
False
Does 233 divide 75026?
True
Is 11 a factor of 11601?
False
Is 31150 a multiple of 5?
True
Is 3581 a multiple of 84?
False
Does 28 divide 3276?
True
Does 37 divide 663?
False
Does 8 divide 162?
False
Is 15 a factor of 2535?
True
Is 12077 a multiple of 7?
False
Does 87 divide 2020?
False
Is 66 a factor of 10631?
False
Is 42 a factor of 17691?
False
Is 10 a factor of 10793?
False
Does 5 divide 720?
True
Is 10750 a multiple of 43?
True
Is 158 a multiple of 5?
False
Does 37 divide 4144?
True
Does 5 divide 7095?
True
Is 5 a factor of 520?
True
Is 9 a factor of 1971?
True
Is 37 a factor of 220?
False
Is 7504 a multiple of 237?
False
Is 3 a factor of 105?
True
Is 18460 a multiple of 10?
True
Does 56 divide 7223?
False
Is 17640 a multiple of 30?
True
Does 96 divide 4320?
True
Does 7 divide 7135?
False
Does 4 divide 46?
False
Does 17 divide 1839?
False
Is 49 a factor of 688?
False
Is 860 a multiple of 16?
False
Does 3 divide 460?
False
Does 31 divide 38285?
True
Is 51870 a multiple of 78?
True
Does 7 divide 59823?
False
Does 52 divide 15496?
True
Does 19 divide 3021?
True
Does 322 divide 9948?
False
Is 17 a factor of 527?
True
Is 2584 a multiple of 19?
True
Is 1437 a multiple of 18?
False
Is 6 a factor of 124?
False
Does 44 divide 3538?
False
Does 39 divide 4031?
False
Does 73 divide 3665?
False
Is 4295 a multiple of 101?
False
Does 28 divide 3948?
True
Is 4576 a multiple of 143?
True
Is 19 a factor of 27892?
True
Is 41 a factor of 246?
True
Is 30285 a multiple of 40?
False
Is 465 a multiple of 4?
False
Does 16 divide 2224?
True
Is 2284 a multiple of 36?
False
Does 4 divide 218?
False
Is 2395 a multiple of 5?
True
Does 23 divide 404?
False
Does 10 divide 690?
True
Is 1770 a multiple of 7?
False
Is 2072 a multiple of 56?
True
Is 8372 a multiple of 26?
True
Does 19 divide 7600?
True
Is 20 a factor of 4936?
False
Is 8 even?
True
Is 61 a factor of 30988?
True
Does 60 divide 540?
True
Is 2 a factor of 156?
True
Is 89 a multiple of 37?
False
Does 34 divide 2958?
True
Is 32 a factor of 18018?
False
Does 32 divide 626?
False
Is 244 a factor of 16060?
False
Does 57 divide 3071?
False
Is 9 a factor of 576?
True
Is 44 a factor of 528?
True
Is 7 a factor of 32200?
True
Does 29 divide 4205?
True
Does 6 divide 168?
True
Does 5 divide 3835?
True
Is 1419 a multiple of 6?
False
Is 90 a factor of 13479?
False
Is 53 a factor of 1908?
True
Does 86 divide 3273?
False
Is 4 a factor of 79?
False
Is 1115 a multiple of 8?
False
Is 17 a factor of 33609?
True
Is 16 a factor of 247?
False
Does 3 divide 2520?
True
Is 360 a multiple of 17?
False
Is 11 a factor of 1429?
False
Does 3 divide 656?
False
Is 10 a factor of 312?
False
Is 36 a factor of 36599?
False
Does 15 divide 1020?
True
Does 22 divide 2105?
False
Is 16534 a multiple of 18?
False
Is 42 a factor of 2646?
True
Is 7074 a multiple of 131?
True
Is 4033 a multiple of 109?
True
Is 166 a factor of 16268?
True
Is 374 a multiple of 22?
True
Is 176291 a multiple of 21?
False
Is 11 a factor of 803?
True
Is 2296 a multiple of 4?
True
Is 4032 a multiple of 63?
True
Is 66588 a multiple of 179?
True
Is 237 a factor of 17520?
False
Is 22 a factor of 6777?
False
Is 24 a factor of 816?
True
Does 2 divide 658?
True
Does 33 divide 11352?
True
Does 27 divide 7209?
True
Does 153 divide 33979?
False
Does 54 divide 1501?
False
Is 9120 a multiple of 95?
True
Is 4 a factor of 387?
False
Is 6 a factor of 7074?
True
Is 11001 a multiple of 19?
True
Does 5 divide 21030?
True
Does 16 divide 10613?
False
Is 3320 a multiple of 10?
True
Does 4 divide 4582?
False
Is 28 a factor of 644?
True
Is 32 a factor of 643?
False
Is 69 a factor of 2553?
True
Is 46 a factor of 644?
True
Is 22 a factor of 224?
False
Is 1140 a multiple of 30?
True
Does 10 divide 278?
False
Does 9 divide 2080?
False
Is 252 a multiple of 21?
True
Does 45 divide 2135?
False
Is 39032 a multiple of 68?
True
Is 54 a factor of 594?
True
Is 57 a multiple of 19?
True
Is 4018 a multiple of 82?
True
Does 11 divide 461?
False
Is 1480 a multiple of 40?
True
Is 2078 a multiple of 29?
False
Is 3448 a multiple of 55?
False
Does 7 divide 232?
False
Does 3 divide 9165?
True
Is 16 a multiple of 6?
False
Is 288 a multiple of 16?
True
Is 135 a multiple of 9?
True
Is 249 a multiple of 2?
False
Is 57 a factor of 651?
False
Is 71 a factor of 21132?
False
Does 79 divide 999?
False
Is 45 a factor of 720?
True
Is 11 a factor of 1222?
False
Is 177 a multiple of 47?
False
Is 18 a factor of 3132?
True
Is 1674 a multiple of 13?
False
Does 17 divide 21930?
True
Is 1269 a multiple of 30?
False
Is 28920 a multiple of 22?
False
Does 2 divide 37?
False
Does 117 divide 100737?
True
Is 6 a factor of 37350?
True
Does 98 divide 18019?
False
Is 72 a factor of 864?
True
Is 30 a factor of 70707?
False
Does 231 divide 26596?
False
Does 62 divide 706?
False
Does 6 divide 120?
True
Does 27 divide 12663?
True
Is 40257 a multiple of 63?
True
Is 272 a multiple of 16?
True
Is 294 a multiple of 13?
False
Does 16 divide 6512?
True
Is 66 a factor of 28131?
False
Is 5 a factor of 2590?
True
Is 5 a factor of 151?
False
Does 8 divide 3979?
False
Is 13952 a multiple of 128?
True
Does 29